8
Let o = 7 - 5. Suppose -2*p + 4 = -q, -q + o*q = -2*p - 8. Let h(z) = z + 5. What is h(q)?
-1
Let v(x) be the second derivative of x**4/12 - 2*x**3/3 - 4*x**2 + 43*x. Give v(6).
4
Let w(z) be the first derivative of -3*z + 5 - 4/3*z**3 - 1/4*z**4 + 5/2*z**2. Determine w(-5).
-3
Suppose 0*a - 20 = -5*a. Let p = -13 + 18. Let f(o) = -p - 4*o + 8 - 3*o**2 + o**3 - 2*o. Give f(a).
-5
Let z(m) = -m**3 - m**2 + m - 1. Let b = 10 - 8. Suppose 0 = b*n + 4, -4 = i - 0*i + n. What is z(i)?
1
Let s(q) = 14*q**3 - 17*q**2 - 9*q - 20. Let m(a) = 5*a**3 - 6*a**2 - 3*a - 7. Let i(o) = -11*m(o) + 4*s(o). What is i(3)?
-3
Let a(q) = -q - 4. Let x be a(-4). Let b(y) = x*y**2 + 7*y + 0 - 12*y + 4 - y**2. What is b(-4)?
8
Let t(a) = 6*a - 5 + a**2 - a + 2*a**2 - 4*a**2. Determine t(6).
-11
Let f(s) = s + 4. Let h be f(8). Let p = 9 - 3. Let t(k) = -3*k + h + p*k - 2*k. Calculate t(-5).
7
Let v(w) = -w. Let h(z) = z**2 - 7*z - 10. Let y be h(9). Let m = -6 + y. Give v(m).
-2
Suppose -6*y = -3*y - q - 14, y = -2*q. Let u(j) = 5 - 2*j - 2 + 4 - y. Give u(3).
-3
Let z(u) = u + 1. Let n be z(-2). Let t(s) = -s**3 + 2*s + 1. Calculate t(n).
0
Suppose 2*g = -3*p - 2, -4*p = 2*g + 3*g - 2. Let u(c) = c - g*c**2 - c**3 + 164 - 2*c**2 + 2*c - 160. What is u(-4)?
-8
Let g(c) = c**3 - 4*c**2 - 5*c - 3. Suppose 0 = 2*y - 3*j + 11, -3*y + 5*j + 0*j = 14. Let l = 27 + y. Let o = l + -9. What is g(o)?
-3
Let m(u) = -2*u - 3 + 0 + 5 - 3*u**2. Give m(-2).
-6
Let u(w) = 4*w + 5*w**2 + 3*w**3 + 3*w**3 + 5 - 5*w**3. Let g(o) = 2*o - 2. Let a be g(6). Let y = 6 - a. What is u(y)?
5
Let n(i) = 9 - 4 + 36*i - 40*i. Calculate n(4).
-11
Suppose 0 = 5*j - 0 + 5. Suppose 11 - 5 = -3*z. Let v(q) = -q**3 - q**2 + q. Let m(y) = -7*y**3 + 2*y**2 - 3*y + 1. Let x(h) = j*m(h) + z*v(h). Give x(1).
9
Let b(y) = -5*y**3 - 5*y**2 + 5*y + 3. Let l(s) = 7*s**3 + 8*s**2 - 8*s - 5. Let g(r) = 8*b(r) + 5*l(r). Let w = 2 - 3. Give g(w).
4
Let w(j) = 2*j - j**2 + 5*j**3 - 2*j - 3 - 5*j. Let r(v) = -6*v**3 + v**2 + 6*v + 4. Let s(t) = -4*r(t) - 5*w(t). Let i be 4/14 + (-2)/7. Calculate s(i).
-1
Let y(d) = -1 + 5 + 3*d - 5. What is y(2)?
5
Suppose 3*p = 4*p - 1. Let o = p - -4. Let b = o + -4. Let r(u) = 4*u**3 - u**2 + 1. What is r(b)?
4
Suppose -41 + 29 = 3*u. Let c(y) = y**3 + 6*y**2 + y - 5. Calculate c(u).
23
Let n(s) be the first derivative of -s**3/3 + 2*s**2 + 5. Calculate n(6).
-12
Let u(a) be the second derivative of -a**6/360 - a**5/120 + a**4/24 - a**3/6 + 5*a. Let y(o) be the second derivative of u(o). What is y(3)?
-11
Let h(s) = -s + 1. Suppose -5*j + j = -16. Suppose -2*w + 1 = t, -2*t + 2 = -0*w - j*w. Give h(w).
1
Suppose -3*t = -0*t - 15. Let w(y) = y**3 - 5*y**2 - 24 + 15 + 12 + t*y. What is w(4)?
7
Let r = -5 + 9. Let t(h) be the first derivative of -1/3*h**3 + 3/2*h**2 + 2*h - 3. Calculate t(r).
-2
Let k be 1/(-3)*-3*5. Let d(l) = 3*l + 8. Let f(t) = -6*t - 5 + t - 7. Let y(n) = k*f(n) + 8*d(n). Calculate y(0).
4
Suppose -7*q = -4*i - 6*q + 9, -3*q = -3*i + 18. Let u be (-2)/(-4) + i/2. Let w(s) = -2*s**2 + u + s - 2*s**2 + 3*s**2. Calculate w(3).
-5
Let y(t) be the second derivative of -t**5/20 + t**4/2 - t**3/3 + 7*t**2/2 - 2*t. Suppose o - 2*b = 4, 2*b = -o - 2 + 10. Determine y(o).
-5
Let t(i) = -2*i + 1. Suppose -6*l - 32 = -2*l. Suppose 0 = 3*v + 2*j - 8, j - 4*j - 3 = 2*v. Let r = l + v. Determine t(r).
5
Let v(x) = -6*x**2 + 0*x + x**2 - 2 - 4*x + 6*x**2. Let y = -11 + 15. Suppose -2*m + 22 = y*s, 7*s - 3*s = 3*m + 17. Give v(s).
3
Let w(p) = 0*p**3 + 2*p**3 - 3 - p**3 + 4 - p**2. Suppose -3*k - 4 = -5*k. Let h be (-1)/1 - (k + -3). Determine w(h).
1
Let u(j) = j - 3. Let r(g) = 4. Let v be (-39)/(-15) + (-4)/(-10). Let n(a) = v*u(a) + 2*r(a). What is n(1)?
2
Suppose -2*p - 28 = -2*b, b + 5*p = 4*p + 6. Suppose 4*g + a - 22 = -0*a, 2*g + a = b. Let t(u) = u + 1. Determine t(g).
7
Let u(d) = -d**3 + 5*d**2 + 6*d + 7. Let y be u(6). Let a = -13 + y. Let x(t) = -t + 1. Calculate x(a).
7
Let j(y) = 30 + 3*y + 19 - 44. What is j(5)?
20
Let q(g) be the first derivative of -g**4/4 + 7*g**3/3 - 3*g**2 - 5*g - 14. What is q(6)?
-5
Let f(i) = 8*i - i**3 - 3*i - i**2 + 5*i**2 - 9*i**2 - 3. Calculate f(-6).
3
Suppose 3*l = o + 9, 9 = -5*o - 6. Let a(k) = -3*k + 39*k**2 - 35*k**2 + k**3 - l*k**3 + 1. Determine a(2).
3
Let l(n) be the third derivative of -n**4/12 + n**3/3 - 7*n**2. Suppose f = -0*f. Suppose -5*j + j = 4*z, 3*j + z - 10 = f. What is l(j)?
-8
Suppose 0 = -3*g + 12, 1 + 2 = v + 2*g. Suppose 2*a + 5*o - 4 = -5, 3*o - 18 = 5*a. Let k = v - a. Let z(w) = w**2 + 2*w. Give z(k).
0
Let o(y) = -3*y**3 - 1. Let j(z) = -z**3 + 7*z**2 + z - 5. Let k be j(7). Suppose 2*i = 2*q, k*i - 25 = -3*q - 10. Let b = 2 - i. Determine o(b).
2
Let c = 5 - 3. Let x(f) = -2*f**2 + f + 1. Give x(c).
-5
Suppose 2*z + 3*f = 32, 0 = -4*z - z - 3*f + 80. Suppose 0 = -0*x - 4*x - z. Let u(d) = -d**3 - 3*d**2 + 4*d - 4. Determine u(x).
-4
Let b(r) be the first derivative of -r**4/4 + 4*r**3/3 + r**2/2 - 5*r + 7. What is b(4)?
-1
Suppose 8*y = 5*y + 6. Let v(r) = 3 - r + 11*r**3 - 1 - 10*r**3 - 3 - 4*r**y. Suppose d + 4*d = 15. Calculate v(d).
-13
Let s(k) = 16*k**3 + 8*k**2 + 19*k**3 - 36*k**3 + 2*k - k - 3. What is s(8)?
5
Suppose 5*k - 6 = -a + 9, -25 = -5*a. Let b(w) = -9*w**k + 2*w**2 + w**3 + 5*w + w**2 + 0 + 4. Suppose -4*u + 16 = x, 2*x - 6*x = 0. Calculate b(u).
-8
Let j(y) = 2*y**3 + 3*y**2 + 2*y + 2. Let t(r) = -r**2 - 9*r - 2. Let k be t(-8). Let a(x) = -2 + 2*x - k*x + x**2 + 0*x. Let p be a(4). Calculate j(p).
-6
Let d(b) = b**2 + 3*b + 3. Let r(m) = m**2 - 3*m - 2. Let g be r(3). What is d(g)?
1
Let f(k) = k**2 - k. Let x(a) = -a**2 - 2*a - 1. Let t(l) = -3*f(l) + x(l). Let m(y) = -y - 4. Let j be m(-5). What is t(j)?
-4
Let g(a) = -a + 5*a - 2*a - 4. Let d be g(4). Suppose d*k + 19 = -1. Let b(i) = -i**2 - 6*i + 1. Give b(k).
6
Let h(t) = t**3 - 11*t**2 + 10. Let y(g) = -2*g**3 + 23*g**2 - 21. Let f(q) = 13*h(q) + 6*y(q). Suppose 18*j - 12 = 60. Calculate f(j).
-12
Let b(v) be the third derivative of v**6/120 - v**5/6 + v**3/2 - 10*v**2. Determine b(10).
3
Suppose 0 = 4*m + 4*i + 168, 198 = -4*m + 3*i - i. Let w = m - -66. Suppose 2*v - 4*r - r = 13, -3*r - w = -4*v. Let p(b) = -b**2 + 5*b - 2. Give p(v).
2
Let g(p) be the first derivative of 2*p**3/3 + p**2/2 + 10. Calculate g(1).
3
Let h = 16 - 11. Let p(x) be the first derivative of x**6/360 - x**5/30 + 7*x**3/3 - 8. Let d(z) be the third derivative of p(z). What is d(h)?
5
Let i(x) = x**3 + 5*x**2 - 4*x + 8. Let g be i(-6). Let b(l) be the third derivative of l**4/24 + 2*l**3/3 - l**2. What is b(g)?
0
Let j(x) be the first derivative of -x**6/40 + x**5/120 + 2*x**3/3 + 2. Let r(l) be the third derivative of j(l). What is r(-1)?
-10
Suppose 4*y - y = 0. Let s be (-2 - y)*(-5)/(-10). Let r(m) = -10*m**3 - 2*m**2 - 2*m - 1. Determine r(s).
9
Let m(n) = 9*n**2 - 2*n + 1. Suppose -5*b = -3*q + 2*q - 5, -q + 4*b - 4 = 0. Let k = 1 - q. Give m(k).
8
Let f(d) = -d**2 - 4*d - 3. Let n(t) = -t**2 - t + 3. Let k be n(2). Calculate f(k).
0
Let b(z) = -z**3 - 10*z**2 - 8*z + 6. Let a(t) = -3*t**3 - 29*t**2 - 23*t + 18. Let x(i) = 3*a(i) - 8*b(i). Suppose -2*q + 4 = 16. Determine x(q).
0
Let n(s) = -s - 1. Let q be n(-7). Suppose 2*l - 30 = -3*l. Let u = q - l. Let r(v) = v**3 - v**2 - 3. Calculate r(u).
-3
Let p(c) = -c**2 - 5. Let o(g) = -g**2 - 3*g + 13. Let i be o(-6). What is p(i)?
-30
Let a be (-4)/(-20) - (-87)/15. Let r(d) = -3*d + 3 + 0*d - a - 3*d. What is r(-2)?
9
Let t be (3 + -1 + -1)*3. Let g(f) = f**2 - 2*f - 1. Let r be g(-1). Let q(d) = -2 - t*d + 5*d**2 + d**r - d**3 - 1 - 4. Calculate q(5).
3
Let n(z) be the third derivative of -z**6/120 - z**5/60 - z**4/24 - 5*z**3/6 + 7*z**2. What is n(0)?
-5
Let y(o) = 5*o + 1. Let q(s) = -16*s - 3. Suppose 3*n + 15 = -2*n. Let h(v) = n*q(v) - 8*y(v). Suppose -5*r - w - 2*w = -7, 0 = 2*w - 8. What is h(r)?
-7
Let y(c) = -c - 6 + 6. Let b be y(0). Suppose b = k + j + 1, 4*k + 3*j = -6 - 2. Let t(n) = n + 11. What is t(k)?
6
Suppose -3*x + x - 10 = -4*r, 7 = -2*x + 3*r. Let h(i) = i + 1 + 8*i**3 + 0*i**3 - 3*i. Calculate h(x).
7
Let b(v) = -v**3 - 12*v**2 + v + 14. Let p be b(-12). Let s(o) = 2*o**2 - 2*o - 1. Give s(p).
3
Let v(h) = h**3 + 9*h**2 + h + 1. Let g be v(-9). Let p(s) = s**3 + 7*s**2